0
Calculate the remainder when 3646 is divided by 867.
178
Calculate the remainder when 1107 is divided by 362.
21
What is the remainder when 155401 is divided by 12?
1
What is the remainder when 165226 is divided by 99?
94
What is the remainder when 158300 is divided by 1237?
1201
Calculate the remainder when 57560 is divided by 232.
24
What is the remainder when 214655 is divided by 26?
25
What is the remainder when 441 is divided by 215?
11
What is the remainder when 37600 is divided by 75?
25
What is the remainder when 163176 is divided by 54389?
9
Calculate the remainder when 2133 is divided by 159.
66
Calculate the remainder when 22623 is divided by 7535.
18
Calculate the remainder when 32256 is divided by 10748.
12
What is the remainder when 312146 is divided by 292?
290
What is the remainder when 51034 is divided by 13?
9
Calculate the remainder when 1319702 is divided by 39.
20
What is the remainder when 16250 is divided by 1250?
0
What is the remainder when 426006 is divided by 103?
101
What is the remainder when 5035 is divided by 161?
44
What is the remainder when 29110 is divided by 410?
0
Calculate the remainder when 15661 is divided by 1202.
35
What is the remainder when 18198 is divided by 6?
0
What is the remainder when 4156 is divided by 51?
25
Calculate the remainder when 1246270 is divided by 32.
30
Calculate the remainder when 2739 is divided by 283.
192
What is the remainder when 1133 is divided by 894?
239
Calculate the remainder when 77571 is divided by 25815.
126
Calculate the remainder when 238145 is divided by 2646.
5
What is the remainder when 32644 is divided by 6528?
4
What is the remainder when 36755 is divided by 395?
20
Calculate the remainder when 141000 is divided by 103.
96
Calculate the remainder when 33352 is divided by 4.
0
What is the remainder when 4990 is divided by 48?
46
Calculate the remainder when 4725 is divided by 602.
511
Calculate the remainder when 549859 is divided by 126.
121
Calculate the remainder when 11380 is divided by 33.
28
Calculate the remainder when 841 is divided by 237.
130
What is the remainder when 3952 is divided by 3497?
455
What is the remainder when 41073 is divided by 334?
325
What is the remainder when 962693 is divided by 1937?
4
Calculate the remainder when 36577 is divided by 36562.
15
What is the remainder when 8721 is divided by 8520?
201
What is the remainder when 732799 is divided by 128?
127
Calculate the remainder when 21634 is divided by 7014.
592
Calculate the remainder when 359 is divided by 40.
39
Calculate the remainder when 93337 is divided by 56.
41
What is the remainder when 1843269 is divided by 130?
129
What is the remainder when 31183 is divided by 108?
79
Calculate the remainder when 12039 is divided by 65.
14
What is the remainder when 244931 is divided by 2247?
8
What is the remainder when 8230 is divided by 948?
646
Calculate the remainder when 43941 is divided by 57.
51
Calculate the remainder when 4466 is divided by 1223.
797
What is the remainder when 13743 is divided by 160?
143
What is the remainder when 257633 is divided by 35?
33
Calculate the remainder when 3390 is divided by 674.
20
Calculate the remainder when 149238 is divided by 447.
387
Calculate the remainder when 31923 is divided by 201.
165
Calculate the remainder when 22755 is divided by 1532.
1307
What is the remainder when 315611 is divided by 172?
163
Calculate the remainder when 1381 is divided by 350.
331
Calculate the remainder when 10860 is divided by 785.
655
What is the remainder when 4789 is divided by 1186?
45
What is the remainder when 13347 is divided by 3321?
63
Calculate the remainder when 78267 is divided by 250.
17
Calculate the remainder when 8659 is divided by 231.
112
Calculate the remainder when 446681 is divided by 9926.
11
Calculate the remainder when 27678 is divided by 17.
2
What is the remainder when 5030 is divided by 136?
134
Calculate the remainder when 317458 is divided by 12.
10
What is the remainder when 2889 is divided by 13?
3
What is the remainder when 58473 is divided by 100?
73
Calculate the remainder when 3517 is divided by 689.
72
What is the remainder when 12093 is divided by 2417?
8
Calculate the remainder when 8703 is divided by 1013.
599
What is the remainder when 151327 is divided by 513?
505
Calculate the remainder when 26332 is divided by 418.
416
What is the remainder when 10712 is divided by 1188?
20
What is the remainder when 11685 is divided by 1076?
925
Calculate the remainder when 23974 is divided by 23968.
6
What is the remainder when 11939 is divided by 147?
32
What is the remainder when 704 is divided by 90?
74
What is the remainder when 1721400 is divided by 153?
150
Calculate the remainder when 11031 is divided by 735.
6
Calculate the remainder when 792 is divided by 37.
15
What is the remainder when 41699 is divided by 83?
33
What is the remainder when 4368 is divided by 1449?
21
What is the remainder when 17794 is divided by 25?
19
What is the remainder when 24576 is divided by 8185?
21
Calculate the remainder when 531528 is divided by 273.
270
Calculate the remainder when 67597 is divided by 33795.
7
What is the remainder when 2318 is divided by 1901?
417
What is the remainder when 1793 is divided by 384?
257
Calculate the remainder when 15689 is divided by 3920.
9
What is the remainder when 17773 is divided by 52?
41
What is the remainder when 3914 is divided by 4?
2
Calculate the remainder when 2428 is divided by 303.
4
What is the remainder when 7241 is divided by 906?
899
Calculate the remainder when 10655 is divided by 36.
35
Calculate the remainder when 7474 is divided by 631.
533
Calculate the remainder when 281012 is divided by 141.
140
What is the remainder when 10304 is divided by 317?
160
Calculate the remainder when 6128 is divided by 3061.
6
Calculate the remainder when 45832 is divided by 45826.
6
Calculate the remainder when 1076822 is divided by 574.
572
Calculate the remainder when 919422 is divided by 459701.
20
Calculate the remainder when 337039 is divided by 189.
52
Calculate the remainder when 1382 is divided by 415.
137
What is the remainder when 1666 is divided by 282?
256
What is the remainder when 151251 is divided by 94?
5
What is the remainder when 18045 is divided by 91?
27
Calculate the remainder when 21083 is divided by 9826.
1431
Calculate the remainder when 24283 is divided by 102.
7
Calculate the remainder when 396000 is divided by 24748.
32
Calculate the remainder when 86831 is divided by 284.
211
Calculate the remainder when 341600 is divided by 113866.
2
Calculate the remainder when 135516 is divided by 597.
594
Calculate the remainder when 1157953 is divided by 323.
321
Calculate the remainder when 19875 is divided by 29.
10
Calculate the remainder when 191 is divided by 137.
54
Calculate the remainder when 2505 is divided by 923.
659
What is the remainder when 100035 is divided by 122?
117
Calculate the remainder when 10431 is divided by 1152.
63
What is the remainder when 214306 is divided by 1246?
1240
Calculate the remainder when 8240 is divided by 107.
1
What is the remainder when 107 is divided by 105?
2
Calculate the remainder when 2752 is divided by 837.
241
What is the remainder when 29986 is divided by 9909?
259
What is the remainder when 151707 is divided by 25?
7
Calculate the remainder when 146 is divided by 84.
62
Calculate the remainder when 8247 is divided by 276.
243
Calculate the remainder when 2177 is divided by 539.
21
What is the remainder when 20628 is divided by 5144?
52
Calculate the remainder when 3431667 is divided by 794.
793
What is the remainder when 1888 is divided by 601?
85
What is the remainder when 55429 is divided by 169?
166
What is the remainder when 4017 is divided by 207?
84
What is the remainder when 445570 is divided by 948?
10
What is the remainder when 435448 is divided by 108855?
28
Calculate the remainder when 80395 is divided by 116.
7
Calculate the remainder when 1657 is divided by 1524.
133
What is the remainder when 44018 is divided by 138?
134
Calculate the remainder when 1670 is divided by 1638.
32
Calculate the remainder when 352828 is divided by 13.
8
What is the remainder when 29122 is divided by 9504?
610
What is the remainder